t(-6). Let x be c/(-3) + 5/15. Let v(y) = -y**2 + 3*y. Give v(x).
-10
Let a be (-1)/4 - (-168)/32. Let y(c) = -c**2 + 1 + 5 + 5 - a*c - 4. Give y(-6).
1
Let p(g) = g**2 + 9*g + 8. Let l = -4 + -3. Let x be p(l). Let y be ((-3)/(-2))/(x/16). Let u(q) = 2*q + 5. Give u(y).
-3
Let h(w) = 3*w - 3. Let y(q) = -8*q + 9. Let x(t) = 11*h(t) + 4*y(t). Let p be (-5)/((1 - 3) + 1). Calculate x(p).
8
Let p(z) = z**3 - 3*z**2 + 5*z - 5. Let i = 15 - 13. Let n be p(i). Let y(v) = 4*v + 1. Determine y(n).
5
Let b be (-12)/15*-5*1. Let o(n) be the third derivative of n**6/120 - n**5/20 - 5*n**4/24 - n**3/2 - 28*n**2. Give o(b).
-7
Let q(k) = -k**3 + k. Let z be q(-1). Let a be (-15)/(-18) - 2/(-12). Let u(n) = z*n + a + n - 6*n. What is u(-1)?
6
Let m(h) = h**3 - 4*h**2 - 4*h - 1. Let f(y) = -1. Let s(t) = -3*f(t) - m(t). Let p be (2/(-4))/((-3)/30). Give s(p).
-1
Let d(n) = n + 8. Suppose -4*c - s = -123, c - 2*s + 3*s = 33. Suppose 5*z - c + 5 = 0. Suppose 3*u = z*u + 12. Calculate d(u).
2
Let a(w) = 32 - 12 - 19 - 7*w + w**2. Give a(7).
1
Let d(t) = 3 - t - 8*t - 2. Calculate d(-1).
10
Let n(h) = 4*h**2 + 12. Let k(f) = -11*f**2 - f - 35. Let i(y) = 6*k(y) + 17*n(y). Determine i(5).
14
Let s(w) = -11*w**3 + w**2 - w. Let a(g) = g**3 - 2*g**2 - g + 3. Let t be a(2). Give s(t).
-11
Let m(q) = -13*q**3 - 11*q**2 + 9*q - 13. Let j(l) = 7*l**3 + 7 + 6*l**2 - 2*l - 3*l + 0*l**2. Let p(d) = -11*j(d) - 6*m(d). Calculate p(0).
1
Let z(c) = -8*c**2 - 5*c - 5. Let g be z(-1). Let h(v) = v**2 + 9*v + 8. Give h(g).
0
Let i(y) = -2*y**2 - 3*y + 3. Let z(n) = n**3 + 7*n**2 - 9*n - 11. Let k be z(-8). Let s be i(k). Let m(l) = l**3 + 7*l**2 + 6*l + 6. Give m(s).
6
Suppose -5*j = -j - 16. Let g(h) = -h**2 + 5*h + 1. Give g(j).
5
Let b(q) be the second derivative of q**4/12 - 4*q**3/3 + q**2 + 12*q - 2. Determine b(8).
2
Let l(k) = -9*k**3 + 5*k**2 + 15. Let a(x) = -5*x**3 + 3*x**2 + 8. Let b(w) = -11*a(w) + 6*l(w). Let v be (-9)/(-3) - (1 + -1). Determine b(v).
2
Let k be 6*(-2 - (-8)/6). Let p be 4/(-6) - k/6. Let h(c) = 4*c**2 - c**3 + p*c**3 + 9*c - 4*c - 1. Give h(5).
-1
Let t be 3 + -3 + 2 + -9. Let r(s) = s**2 + 7*s + 6. What is r(t)?
6
Let g(d) = 2 - d**2 + 1 + 5*d - 1 - 2*d. Let t be g(4). Let i(m) = -m. Determine i(t).
2
Let z(p) be the second derivative of p**5/20 + p**4/12 + p**3/6 - p**2 + 18*p. Give z(-2).
-8
Let x(u) be the third derivative of 1/8*u**4 + 0*u + 0 - 1/60*u**5 + 1/3*u**3 + 3*u**2. Give x(4).
-2
Let z(q) = -q**2 - q + 3. Suppose -8*s - 6 = -10*s. What is z(s)?
-9
Let f(g) = g - 7. Suppose 0 = -5*m - 1 + 36. Let v be 1/1 - (-11 + m). Give f(v).
-2
Let h be (-4)/18 + 228/54. Let t(p) = -h*p + 1 + 2*p - 4 + 4. Determine t(-1).
3
Let k(f) = f**3 - 2*f**2 - f - 4. Suppose 22*c = 19*c + 12. What is k(c)?
24
Let x(j) = -2*j**3 - 2*j**2 + j. Let o be 16/24*(-3)/(-2). What is x(o)?
-3
Let r(i) = i**2 + 9*i + 8. Let d(v) = -v**3 + 5*v**2 + 5*v - 1. Let u be d(6). What is r(u)?
-6
Let g(v) = -v + v - 13*v**2 + 8*v**2 - v**3 + 3. Let o = -6 - -1. What is g(o)?
3
Let y(z) be the third derivative of -1/6*z**3 + 0 + 0*z - 1/4*z**4 - 1/120*z**6 + 7/60*z**5 + 8*z**2. Calculate y(6).
-1
Let b(a) = a - 8 + 0 - 4*a + 4*a. Calculate b(4).
-4
Suppose -2*t + 18 = t. Let f = 4 - t. Let k(p) = -p**3 - 2*p**2 + p - 1. What is k(f)?
-3
Let s = -4 + 8. Let k(d) = 7*d**3 - 11*d**2 + d - 4. Let u(t) = 6*t**3 - 10*t**2 + 2*t - 4. Let w(n) = -5*k(n) + 6*u(n). Calculate w(s).
8
Suppose 0*m = -4*l - 4*m + 4, 2*l + m = 4. Let x(b) = -1 - 2*b**3 - b + l - b**2 + 3*b + 0*b. What is x(-2)?
10
Suppose 0 = 3*q, -2*h + 3*q - 6 = -2*q. Let n be (-1 - 0)/(h/12). Suppose n*a - 2 = 18. Let j(z) = -2*z + 4. Calculate j(a).
-6
Let r be (0*((-12)/8 - -1))/1. Let c(v) be the third derivative of -v**2 + 1/6*v**4 + r*v + 1/3*v**3 + 1/20*v**5 + 0. Determine c(-2).
6
Suppose -d = -2*s + 98, -50 + 0 = -s + d. Let q be s/10 + (-3)/(-15). Let h(u) = -q*u**2 + 3*u**2 + 2 - 10 + 5 + u**3. What is h(3)?
6
Let x = 6 - 10. Let t(y) = 2*y - 5. Let s(r) = 3*r - 6. Let g be ((-1)/2)/(2/12). Let o(a) = g*s(a) + 4*t(a). Determine o(x).
2
Let i(b) = 3*b**2 + 2*b - 12. Let u(z) = -z**2 - z + 4. Let y(n) = -6*i(n) - 17*u(n). Give y(5).
4
Let o(v) be the first derivative of v**2/2 + 4*v + 2. What is o(-8)?
-4
Let p be (-2 + -6)*(-2)/8. Let m(g) = 6*g**2 - g + 2. Give m(p).
24
Let s(d) = -3*d - 8. Let c(j) = 2*j + 4. Let n(x) = 5*c(x) + 3*s(x). Determine n(0).
-4
Let t(w) = 3*w + 4. Let l = -43 - -72. Suppose 3*v + 4*r = -l, 5*r + 34 = -3*v - 0*v. Calculate t(v).
-5
Let d(x) = -7*x**3 - x**2 - 9*x - 5. Let g(l) = 8*l**3 + 2*l**2 + 10*l + 6. Let c(p) = 7*d(p) + 6*g(p). Calculate c(5).
-14
Let o(f) = f**2 + 12*f + 11. Let l be o(-11). Let b(i) = i**3 - i**2 + 1. What is b(l)?
1
Let y(h) = -8*h**2 + 6*h - 2. Let c(d) = 5*d - 2*d**2 + 3 - 1 - 5*d**2 - 3. Let i(o) = -7*c(o) + 6*y(o). Give i(0).
-5
Let f = 52 - 58. Let d(t) be the first derivative of -t**3/3 - 3*t**2 + 2*t - 1. Give d(f).
2
Let b(r) = -4*r**2 - 7*r - 5. Let a(h) = h**2 + 2*h + 1. Let y(l) = -9*a(l) - 2*b(l). Give y(-4).
1
Let u(g) = g**2 + 5. Suppose 0 = t - 2*t. Let p be u(t). Let i(m) = -p*m + 2 + 2*m + 7 - 3. Determine i(4).
-6
Let y(j) = j**3 + 4*j**2 + 3*j + 4. Suppose -2*b = 0, 3*b - 2 = -5*u + 13. Let k be 1 + -7 + 0 + u. Give y(k).
4
Let p = -241/3 + 81. Let q(w) be the first derivative of w**2 - 1 + p*w**3 + w. Give q(-1).
1
Let o(i) = i**2 + 10*i + 2. Let r be o(-10). Let v(b) be the second derivative of -r*b**2 + 1/3*b**3 + 0 - 2*b. Determine v(5).
6
Let r = 82 - 76. Let c(y) = y - 6. Calculate c(r).
0
Let o = -10 + 11. Suppose -5*s - o = -y - y, -4*s + 7 = y. Let i(m) = 5*m**2 - m. Calculate i(s).
4
Let k(l) be the third derivative of l**5/60 - l**3/3 + 6*l**2. What is k(3)?
7
Let f(m) = m + 1. Let j(q) = -2*q - 1. Let p be j(-4). Calculate f(p).
8
Let x(u) = -u - 3. Let y = -26 + 21. Determine x(y).
2
Let d(z) = -3*z + 3. Suppose -2*y = 2*o + 4 + 2, 5*y - 30 = 4*o. What is d(o)?
18
Let k = 52 - 31. Suppose -k = -2*o - 3*u, -6*u - 15 = -u. Suppose -o = 3*t - 0*t. Let b(y) = -y. Give b(t).
5
Let y(v) = -v - 1. Let r = -21 + 20. What is y(r)?
0
Let b(y) be the first derivative of 1/2*y**2 - 4 - 4*y. Determine b(0).
-4
Let l(x) = -2*x**3 - 17*x**2 - 17*x - 9. Let r(b) = b**3 + 8*b**2 + 8*b + 4. Let u(y) = 2*l(y) + 5*r(y). Let d be u(-5). Let j(c) = -c - 1. Calculate j(d).
2
Let j = -37 + 53. Suppose -4*k = 4 - j. Let i(z) = -z**2 + 4*z - 1. Give i(k).
2
Let j be 3/(-3)*-5 + -1. Let p(f) = -f + j - 9*f**2 - 4 + 1. Calculate p(1).
-9
Let p(f) = -f + 1. Let j(a) = -3*a + 6. Suppose b = 6*b + 5. Let v(w) = b*j(w) + 2*p(w). Let c(t) = -3*t**3 - 2*t**2 - 2*t - 1. Let g be c(-1). Calculate v(g).
-2
Let c(g) = 10*g**3 + 2*g**2 + 7*g + 12. Let t(x) = 3*x**3 + x**2 + 2*x + 4. Let b(a) = 2*c(a) - 7*t(a). Calculate b(-3).
-4
Let k(v) = v**2 + 3*v - 3. Suppose -5*q + r + 2 = 0, -4*r = 4*q - 0*r + 8. Let a = -5 - q. What is k(a)?
7
Let f(a) = -3*a + 1. Let l = -3 + 4. Let w be 0/1 + (l - -3). Suppose -w*r = 1 + 3. Determine f(r).
4
Let l(q) = 2*q**3 + 3*q - 4*q**2 - q + 2*q**2 - 3*q**3. Give l(-3).
3
Let y(r) = -10*r**2 + 2*r. Let g(c) = 120*c**2 - 25*c. Let j(s) = 2*g(s) + 25*y(s). Give j(1).
-10
Suppose t + 7 = 4. Let l(c) = c**3 - 3*c + 4. What is l(t)?
-14
Suppose -6*s + 3*s + 9 = 0. Let i(u) = -u**2 - 5*u + 2. Let k be i(-5). Let a(n) = -s - 1 + k - 4*n. Determine a(-3).
10
Suppose -4*q - 10 = -2*q. Let t(v) = 2*v**2 - 1. Let z(a) = a**2 + 7*a + 9. Let w be z(-6). Let i(f) = 3*f**2 + f - 1. Let k(j) = q*t(j) + w*i(j). What is k(2)?
4
Suppose 0 + 15 = 5*u. Let m be 0*(-2 + u)/1. Let p(y) = -3*y - 4*y + m*y - 4 - 2*y**2. Calculate p(-4).
-8
Suppose 0 = -0*x - 8*x + 40. Let q(z) be the second derivative of z**5/20 - 5*z**4/12 + 3*z**2/2 + 2*z. Calculate q(x).
3
Let u(c) = -2*c**3 - 2*c**2 + c + 2. Let k be u(-2). Let y(l) = k*l - 7 + 13*l**2 - 12*l**2 - 2*l. Determine y(-7).
0
Let j(b) = -45*b**3 + 5*b**2 - b**2 - 1 + 2*b + 46*b**3. What is j(-3)?
2
Let q(f) be the first derivative of -3*f**4/4 - f**3/3 - f**2/2 - 1. Determine q(-1).
3
Suppose -3*s - 4 + 19 = 0. Suppose -3*i = -h + 11, 4*i - 2*h = s*i + 13. Let g = -3 - i. Let y(d) = d**3 - d**2 - 2*d + 3. Calculate y(g).
3
Let s(y) = -y - 2. Let m(k) = -k - 3. Let h be m(-5). Suppose 5*t - 2*t = 4*w + 